ppose 5*r = -4*m + 488, 0*r = -5*r + 20. Let x be (-87)/10 + m/(-390). Let p(w) = w**2 + 6*w - 19. Give p(x).
8
Let v = 4 - 2. Suppose 10087*w - 63 = 10080*w. Let a(y) = -3*y**2 + 423 + y - 430 + 4*y**v - w*y. Give a(9).
2
Let p(x) = x**2 - 2*x - 3. Let o = 2946 + -2943. What is p(o)?
0
Let b(x) = -x + 8. Let u be b(5). Let v = -80 - -86. Let f(t) = -v*t + 46 - 48 + 4*t. Calculate f(u).
-8
Let k(b) be the first derivative of -b**4/4 + 2*b**3/3 + 3*b**2/2 - b + 15. Suppose 0 = 5*p + 15, -3*p - 36 - 47 = -2*v. Let y = v - 34. Calculate k(y).
-1
Let y(m) be the second derivative of -m**4/6 - 2*m**3/3 + 18*m**2 + 4573*m. Determine y(-5).
6
Let d = 6779 + -6773. Let a(p) = -2*p. What is a(d)?
-12
Let t(m) = -2*m - 4. Let c be t(1). Let o(z) = 7*z**2 + 9*z - 13. Let g(w) = 3*w**2 - 12 - w**2 + w + 4*w**2 + 7*w. Let f(y) = 6*g(y) - 5*o(y). Calculate f(c).
11
Let g(t) = 120*t - 3187. Let p(i) = 24*i - 635. Let l(q) = -2*g(q) + 11*p(q). What is l(25)?
-11
Suppose 2*n - 1 = j, -7 + 9 = -n + j. Let q(p) = -p**3 + p**2 - 4*p + 2. Determine q(n).
-28
Let y(t) be the first derivative of -t**3/3 + 13*t**2/2 - 28*t + 13. Let f be y(10). Let d(u) = u**f + 1 - 202*u + 201*u + u**2. Give d(-2).
11
Let k(w) = -18 + w**2 + w + 8 + 0*w**2 + 8. Let s(x) = 2*x**3 - 2*x**2 - 3*x + 4. Let p(c) = -2*k(c) - s(c). Give p(-1).
1
Let d = -36 + 40. Suppose -5*q = -t - 2*t, -4*t = -d*q. Let r(l) = -l + 3*l + 0*l + q*l. Determine r(4).
8
Suppose -2 = -1465*i + 1467*i. Let p(j) = 7*j - 1. Determine p(i).
-8
Suppose 0 = -32*u + 5*u + 569 + 241. Let n(j) = j**2 - 27*j - 86. Determine n(u).
4
Let k(p) be the third derivative of -p**6/60 - p**5/20 + p**4/24 + p**3/3 + 9*p**2. Let u be k(-2). Let o(j) = u + 7*j - 2*j**2 - 10*j - 1. Give o(-3).
-6
Let l be 1 + 4/(2 + -1). Let t(s) = -7*s**2 - s - 20. Let v(p) = 9*p**2 + 26. Let z(r) = -5*t(r) - 4*v(r). Give z(l).
-4
Let y(v) be the second derivative of -v**7/2520 + v**6/80 - v**5/40 + v**4/4 + v**3/3 - 2*v - 7. Let g(s) be the third derivative of y(s). Calculate g(4).
17
Let k(r) = r**2 - 9*r + 1. Let z be k(8). Let p(q) = q - 7*q**2 + 95*q**3 - 6 + 14 - 45*q**3 - 51*q**3. Give p(z).
1
Let n(m) = -48841 + 24422 + 8*m + 3*m**3 + 24421. What is n(-3)?
-103
Let g(r) = r**2 - 3*r + 2. Suppose 3*k = -5*t + 2*t + 39, 5*t = -25. Let s be 1 + (4/18 - (-68)/k). Calculate g(s).
12
Suppose 0*i - i + 5*s = -3, 12 = 4*i - s. Let j(u) = 4*u**2 + 10 + 170*u + u**3 - 168*u + i*u**2. Let l be j(-7). Let g(c) = -c**2 - 4*c + 5. Determine g(l).
5
Let x = 118 + -120. Let n be x + -1 - 112/(-56). Let u(l) = 5*l. What is u(n)?
-5
Let q(h) = h**3 - 7*h**2 + 7*h - 1. Suppose -4*n = n - 120. Let z = -49 + 45. Let v be (-25)/z + (-6)/n. Calculate q(v).
5
Suppose 0 = 4*m + 5*y - 118, -2*m + 48 = 2*y - 5*y. Suppose 22*z = 25*z - m. Let c(g) = -g + 1. Calculate c(z).
-8
Let g(r) = r - 377 + 374 - 3*r. Let t be g(-2). Let d(m) = 35*m**2 - 2*m + 1. What is d(t)?
34
Let h(r) = -78*r - 472. Suppose 0 = -5*n + 2*i - 40, 5*n - 4*i - 11 + 61 = 0. Give h(n).
-4
Let g = -69 + -140. Let u = -202 - g. Let d(n) = 2*n + 9. Determine d(u).
23
Let x(m) = 2*m + 65. Suppose -50*j - 4*q = -45*j - 24, 3*j - 2*q + 12 = 0. What is x(j)?
65
Let t(k) be the first derivative of -k**4/8 - 7*k**3/6 + 2*k**2 + 2*k - 128. Let y(q) be the second derivative of t(q). Give y(9).
-34
Let o(m) be the second derivative of -m**4/6 - m**3/3 + 61*m**2/2 - 8*m - 8. Let u(j) be the first derivative of o(j). Determine u(-4).
14
Let j(s) be the first derivative of -5*s**3/3 - 13*s**2/2 + 4*s + 4115. Determine j(-3).
-2
Let x(g) be the first derivative of -17/2*g**2 + 1/4*g**4 + 16/3*g**3 + 10 - 2*g. Let i be x(-17). Let w(c) = -2*c - 3. What is w(i)?
1
Let l(g) = 60*g + 2968 - 6130 + 2988. Give l(3).
6
Let r(j) = j**3 + 7*j**2 + 8*j - 1. Let k = 398 - 368. Suppose -5*z - 56 - 73 = 4*m, 0 = 2*z - 6. Let s = m + k. Determine r(s).
-13
Let p(r) = -3*r - 4. Let g(n) = 1 + 0*n + 4 + 4*n. Suppose 125 = -71*y + 409. Let j(t) = y*g(t) + 5*p(t). Calculate j(3).
3
Let p(o) be the second derivative of o**5/4 + o**4/6 - 2*o**3/3 - 2*o**2 - 2*o - 35. Calculate p(-2).
-28
Let n(v) = 12 + 33 + 80 + 9*v + 23*v. Let y be n(-4). Let r(x) = x**3 + 3*x**2 - 5*x - 4. Determine r(y).
11
Let w(c) = c + 4. Let l(u) = u**3 + 2*u**2 - 10*u - 3. Let f be l(-4). Suppose 14*g = f*g + 45. What is w(g)?
9
Suppose 0 = 9647*n - 9648*n + 13. Let d(y) = 13*y - 6 - 5 + 8 - 2 - y**2. Calculate d(n).
-5
Let u(b) = b**3 + 35*b**2 + 34*b + 8. Suppose 0*f = 3*p - f + 108, 2*f - 148 = 4*p. What is u(p)?
8
Let x = -40 + 34. Let o(v) = -4*v - 18. Let h be o(x). Let a(q) = h - 6*q + 0 + 0. What is a(4)?
-18
Let a(t) = 4*t + 2. Suppose -2*h = m - 11, -h + m + 3 = -m. Suppose 11 = -h*u - 4. What is a(u)?
-10
Let b(y) = -5*y - 12. Suppose 19*l + 11*l + 7*l - 111 = 0. Determine b(l).
-27
Let x(g) = -2194*g + 6587*g - 2199*g - 2192*g + 6. Suppose 4 = -v - 0. Let d = 0 + v. Calculate x(d).
-2
Suppose 0 = -5*l - 4*y - 12, -4*l + 40*y - 9 = 43*y. Let k(t) = 5*t - 38. Give k(l).
-38
Let p(k) = 27*k + 90. Let r = -6621 + 6617. Calculate p(r).
-18
Let s(p) = -2*p - 2. Suppose -2*z + 56 - 212 = -5*j, 75 = 2*j - 5*z. Let t = j + -32. Let r be 1 + -4 + -2 + t/1. What is s(r)?
12
Let f(a) = -a - 5. Let s(j) = 1. Let t(v) = f(v) + 4*s(v). Suppose -32 = -5*z + w, 0 = 5*z + 4*w - 2*w - 41. Let x = -9 + z. Give t(x).
1
Let c be ((-1482)/104 + 10)*(-1 + 5). Let l(j) = -j**3 - 17*j**2 + 2*j + 33. Give l(c).
-1
Let i(k) = -k**3 - 11*k**2 + 12*k - 25. Let s = -16006 + 15995. What is i(s)?
-157
Let a(x) = -9*x**2 - 2*x - 14. Suppose -182*w = -500*w + 23 - 977. Determine a(w).
-89
Let u(o) = o**2 - o - 9. Let q(n) = -n - 1. Let j(l) = 6*q(l) - u(l). Let f be (24/(1 + -3))/(-183 - -185). Give j(f).
-3
Suppose -16*t = 4*t - 60. Let l(f) = -287 + f**t - 287 - f + 571 + 4*f**2. Suppose m = 1, 3*m + 10 = 5*i + 33. Give l(i).
1
Let l(z) = 231*z - 410. Let j(f) = 69*f - 136. Let q(w) = -10*j(w) + 3*l(w). Give q(-32).
34
Let m be (-25)/(-50) - 17/(-2). Let h(y) = y - 9 + m - 7. Give h(7).
0
Let j be ((-11)/(-3))/((-3)/9). Let n(k) be the second derivative of -k**5/20 - k**4 - 11*k**3/6 - 4*k**2 - 7005*k. Calculate n(j).
-8
Let f(x) = 20*x**2 - 2*x + 3. Let b(g) = 20*g**2 - 3*g + 4. Let n(y) = -13*y + 5. Let d be n(6). Let p = d - -69. Let u(j) = p*b(j) + 5*f(j). Give u(1).
21
Let g(j) = -3*j**3 - j**2 + 2*j - 1. Let s = -393 + 390. Let x(w) = -w**3 - 3*w**2 + 4*w + 10. Let k be x(s). What is g(k)?
15
Suppose -4*d - 4*o - 4 = 0, -22*o + 17*o + 40 = -4*d. Let f(t) = -t**2 - 5*t + 2. Determine f(d).
2
Let y(z) = z**3 - 6*z**2 + 7*z. Suppose 66 = 5*p + x, -2*p - 4 = -2*x - 28. Let h = p + -8. Give y(h).
10
Let u(d) = 8*d**2 - 90*d + 31. Let c(i) = -i**2 + 12*i - 4. Let g(q) = -15*c(q) - 2*u(q). Calculate g(-3).
-11
Let j(p) = -p**3 - 5*p**2 + 8*p + 1. Let q = -676 + 670. Calculate j(q).
-11
Let q(j) be the second derivative of -4*j**3/3 - 12*j**2 - 2025*j. What is q(-3)?
0
Let n(y) = -1233 + 25*y + 520 + 623. What is n(4)?
10
Suppose 2*b + 2*x = -8, -7*x + 19 = -5*b - 49. Suppose 0 = -n - 2, -25 = -5*r + 4*n - 2. Let g(k) = -r*k + 11*k + k**2 + 10 + 2 + 0. Determine g(b).
12
Let j = 546 + -528. Let x(z) = z**2 - 18*z. Calculate x(j).
0
Let d(n) be the third derivative of -n**5/30 + 13*n**4/12 - 17*n**3/6 - 1964*n**2. Give d(13).
-17
Let x = -40 + 44. Suppose 0 = 10*u - x*u - 30. Let f(l) = -2*l**2 + 10*l + 5. Give f(u).
5
Suppose -6*v + 49 = 31. Let b(h) = -3 + 7*h**2 + h**2 - h**v - 3*h**2 - 2*h**2. Let j(g) = g**2 - g - 1. Let d(m) = -b(m) + 2*j(m). Calculate d(-2).
-7
Let v(j) = j**3 + 3*j**2 + 20*j + 2. Let t be v(0). Let m(u) be the first derivative of -3 + 11/2*u**t + u. Give m(-1).
-10
Let i(v) = v**2 - 5*v - 3. Suppose 3*a + q = 20, -155 + 135 = -4*q. Give i(a).
-3
Suppose 18*i + 63 = 603. Let d(u) = -u**2 + 32*u - 71. What is d(i)?
-11
Let y(s) = s**2 - 3*s - 6. Suppose 40*c = 34*c + 6. Let u be 9/c + 2 + 42/(-7). Give y(u).
4
Suppose -5*t - 7 = -d - 3, -10 = -d - t. Let g(i) = i - 1. Let r(a) = 2*a - 2. Let m(h) = 3*h + 1. Let o be m(-1). Let x(q) = o*r(q) + 3*g(q). What is x(d)?
-8
Let h(a) = 2*a + 2. Suppose -1 = z + 52. Let v = 51 + z. Let s be (-4)/12*0 - v. Give h(s).
6
Suppose -5*n = -s - 40, 3*n = 13*s - 17*s + 47. Let j(z) be the second derivative of 0 - 1/12*z